o base 3
221120200201
Convert -575458 (base 11) to base 2.
-11011111011000000000
Convert -1485790 (base 11) to base 10.
-2540494
What is -108985 (base 10) in base 13?
-3a7b6
Convert 615406 (base 7) to base 14.
2a476
Convert 625540 (base 7) to base 8.
322160
Convert -3f0ace (base 16) to base 11.
-23720a0
Convert -810b2 (base 15) to base 5.
-101033132
What is 863c (base 16) in base 6?
423032
-1012112122011 (base 3) to base 7
-5305264
33860 (base 10) to base 15
a075
-59d3b (base 14) to base 3
-102010221002
101000001100001111011 (base 2) to base 9
2426508
-1492a66 (base 11) to base 2
-1001101110111010110110
Convert 4111331104 (base 5) to base 16.
7ec637
Convert -11201410102 (base 5) to base 3.
-212120112020210
What is -a6218 (base 11) in base 16?
-25c21
897540 (base 12) to base 11
1266540
Convert 10002121122221 (base 3) to base 5.
410131322
Convert -14b27b (base 12) to base 14.
-91d95
What is 39712a (base 11) in base 16?
98708
What is 105324 (base 9) in base 6?
1203251
-21269e (base 15) to base 5
-400440444
b31b (base 12) to base 15
5b78
2235532 (base 6) to base 15
23bc2
What is 404351243 (base 6) in base 14?
cc75a3
Convert -121313020 (base 4) to base 8.
-316710
-23445455 (base 7) to base 4
-13323201200
What is -12112003 (base 4) in base 8?
-62603
120031330202 (base 4) to base 2
11000001101111100100010
What is -4a458a (base 13) in base 15?
-25286e
Convert 2107353 (base 9) to base 6.
40055033
What is -101101111100000110100100 (base 2) in base 7?
-204234540
What is ec7fa0 (base 16) in base 6?
1312111224
Convert 2429551 (base 12) to base 5.
3244300401
Convert -214be (base 15) to base 7.
-620114
What is 1031113 (base 4) in base 3?
20210101
Convert -100020201202 (base 3) to base 4.
-230130212
Convert 1120143 (base 5) to base 2.
100111001010000
-11110111001011001 (base 2) to base 8
-367131
Convert -119949 (base 10) to base 8.
-352215
Convert -21044434 (base 5) to base 11.
-10a526
Convert -1881795 (base 10) to base 13.
-50b6b6
23a476 (base 12) to base 2
10001101000100011010
-19305b (base 14) to base 2
-11011001101111101001
-c99429 (base 13) to base 4
-102003201321
Convert -a5364 (base 11) to base 15.
-30733
What is -72683 (base 9) in base 15?
-e316
17625616 (base 10) to base 3
1020011110210121
What is 22368a (base 14) in base 16?
11bb1a
What is -35684708 (base 9) in base 6?
-1421143225
Convert 431640 (base 7) to base 3.
10211000100
Convert 133030223 (base 4) to base 2.
11111001100101011
Convert 21101011 (base 3) to base 7.
21451
Convert 3d8125 (base 15) to base 12.
baabb2
-96667 (base 13) to base 8
-1021742
Convert -13451454 (base 7) to base 10.
-1256301
What is 5bad9 (base 15) in base 12?
121480
-8c5760 (base 14) to base 13
-cb418c
What is -888042 (base 11) in base 12?
-5836b2
30133121 (base 4) to base 12
25735
Convert -1654161 (base 7) to base 4.
-320220120
Convert 1001111000100010111 (base 2) to base 6.
10535211
-3431222130 (base 5) to base 2
-11101010010111010110001
What is -11032300 (base 5) in base 12?
-4763a
-101006 (base 10) to base 5
-11213011
Convert 104c0cb (base 13) to base 15.
681d24
What is 31134031 (base 5) in base 8?
763034
16451cb (base 14) to base 13
2356461
-121880 (base 14) to base 11
-393140
Convert ab52b (base 16) to base 3.
1022122121100
Convert -144333 (base 5) to base 16.
-184a
What is -3230844 (base 9) in base 15?
-243647
Convert 910d (base 14) to base 11.
17791
36270 (base 8) to base 12
8bb4
What is -1002211200002102 (base 3) in base 6?
-1323520402
What is -13230462 (base 7) in base 11?
-761841
a772c (base 14) to base 13
11231c
Convert 1415056 (base 8) to base 12.
173526
What is -684431 (base 9) in base 5?
-101110200
What is 1011110010100110000 (base 2) in base 16?
5e530
-1265571 (base 8) to base 10
-355193
189205 (base 13) to base 11
393813
Convert 3307162 (base 8) to base 4.
3120321302
Convert -600704 (base 9) to base 8.
-1265061
-21222330213 (base 4) to base 6
-130201023
What is 215c4 (base 15) in base 3?
12101022111
-19b503a (base 13) to base 2
-100000011001101001010011
43f92 (base 16) to base 8
1037622
Convert -424 (base 15) to base 9.
-1247
6907b (base 14) to base 2
111110010101000101
Convert 1012331110311 (base 4) to base 14.
2682c61
What is 90dc9 (base 14) in base 2?
1010101000100110101
What is 100100111001101001011 (base 2) in base 13?
3344a7
What is -123931a (base 12) in base 7?
-42163303
What is 14886412 (base 9) in base 6?
423232402
What is -1000120011112 (base 3) in base 4?
-2010130202
Convert -110231100 (base 5) to base 2.
-1110100011101100001
Convert -64789 (base 13) to base 8.
-542312
210100021 (base 4) to base 16
24409
34c5a5 (base 15) to base 13
6a4162
What is -100200122121100 (base 3) in base 13?
-10b41c4
32434545 (base 8) to base 13
1599849
Convert 100111111001011001 (base 2) to base 10.
163417
11919 (base 12) to base 8
56345
What is 943231 (base 15) in base 10?
7047496
110010001010010 (base 2) to base 3
1022020012
-22ba644 (base 12) to base 13
-1511b27
What is 11444232 (base 6) in base 16?
58d3c
What is 74764 (base 9) in base 13?
19693
-3020251 (base 6) to base 11
-98204
-643124 (base 13) to base 14
-451d8c
What is 10e580 (base 16) in base 15?
16d16d
-23375 (base 8) to base 2
-10011011111101
What is -961a60 (base 13) in base 8?
-15325050
Convert -11000100010001011100001 (base 2) to base 4.
-120202023201
Convert -168676 (base 12) to base 6.
-12152230
Convert 2502238 (base 9) to base 10.
1359782
Convert -3532513 (base 6) to base 9.
-308460
Convert -149841 (base 15) to base 13.
-28a641
-cb2b6d (base 14) to base 4
-122100231231
132a54 (base 11) to base 9
347506
What is 1ba79a6 (base 12) in base 3?
102011222122200
What is -aa5979 (base 13) in base 14?
-765b06
What is -210220220121 (base 3) in base 9?
-726817
Convert -51388 (base 14) to base 6.
-4105124
-274663 (base 10) to base 12
-112b47
11180467 (base 9) to base 10
5426332
What is -5395a (base 14) in base 9?
-337267
Convert 1200372 (base 8) to base 16.
500fa
What is -54415 (base 9) in base 2?
-1000110011011011
What is 6063361 (base 9) in base 5?
1311333442
-1001120010021 (base 3) to base 16
-893e3
Convert -4049253 (base 10) to base 14.
-775965
What is 1212301122 (base 4) in base 6?
13004510
What is 1effcc (base 16) in base 10?
2031564
What is 11011120112212 (base 3) in base 6?
115254252
630555 (base 8) to base 3
101122001102
Convert 2e70b5 (base 16) to base 3.
12201121220120
Convert 100011100001111100 (base 2) to base 9.
241562
Convert -9918468 (base 10) to base 12.
-33a3a30
What is -1200121211021 (base 3) in base 7?
-10430035
What is 120a6c (base 13) in base 3?
210212010011
What is 4a3a75 (base 11) in base 7?
6523256
What is 14c19a (base 14) in base 13?
1c4b5b
What is -5020254 (base 6) in base 12?
-b468a
What is -6989 (base 15) in base 9?
-33653
3210323202 (base 4) to base 11
590563
11210201120 (base 3) to base 15
1d049
111100001100100011 (base 2) to base 13
882c5
Convert -14286 (base 14) to base 9.
-75406
Convert -1113201022 (base 4) to base 11.
-225366
-1813c (base 16) to base 5
-11123440
Convert 290562 (base 12) to base 2.
10100111010000011010
-110000110000000100 (base 2) to base 13
-6cb74
-770d8 (base 14) to base 2
-1000110011000110110
2be09 (base 15) to base 2
100010100011011110
-349480 (base 10) to base 16
-55528
What is -134204246 (base 7) in base 3?
-121110002121002
What is -2364b79 (base 12) in base 16?
-688b8d
What is 11212012210002 (base 3) in base 16?
27689f
-1a8558 (base 13) to base 14
-1381c9
What is 7e671 (base 16) in base 8?
1763161
Convert -2002021001 (base 3) to base 16.
-a036
Convert -5208717 (base 9) to base 6.
-135342154
What is 220305 (base 8) in base 9?
122358
Convert 12221201222 (base 3) to base 16.
1c9bb
What is 10011110011000001100101 (base 2) in base 4?
103303001211
Convert -104899 (base 15) to base 2.
-10111101001010100011
Convert 1112001311 (base 4) to base 12.
14bb05
What is 10615351 (base 7) in base 10?
928684
-61848 (base 13) to base 14
-47aa3
-1110000100001100110 (base 2) to base 5
-104222102
What is 105001 (base 7) in base 5?
1043043
What is 102030770 (base 8) in base 12?
596ba20
What is -c639a (base 13) in base 10?
-356548
Convert 4013212 (base 5) to base 13.
22c10
-48025 (base 12) to base 14
-273c1
What is 461d65 (base 14) in base 9?
4437524
What is 522d4 (base 15) in base 3?
111020101001
171782b (base 12) to base 15
6